{"id":180,"date":"2025-02-06T16:59:33","date_gmt":"2025-02-06T15:59:33","guid":{"rendered":"https:\/\/villacite.com\/?page_id=180"},"modified":"2025-02-26T15:19:12","modified_gmt":"2025-02-26T14:19:12","slug":"mentions-legales","status":"publish","type":"page","link":"https:\/\/villacite.com\/index.php\/mentions-legales\/","title":{"rendered":"MENTIONS L\u00c9GALES"},"content":{"rendered":"<style>.kb-row-layout-wrap.wp-block-kadence-rowlayout.kb-row-layout-id180_08dca6-f5{margin-bottom:100px;}.kb-row-layout-id180_08dca6-f5 > .kt-row-column-wrap{align-content:start;}:where(.kb-row-layout-id180_08dca6-f5 > .kt-row-column-wrap) > .wp-block-kadence-column{justify-content:start;}.kb-row-layout-id180_08dca6-f5 > .kt-row-column-wrap{column-gap:var(--global-kb-gap-md, 2rem);row-gap:var(--global-kb-gap-md, 2rem);padding-top:var(--global-kb-spacing-sm, 1.5rem);padding-bottom:var(--global-kb-spacing-sm, 1.5rem);grid-template-columns:minmax(0, 1fr);}.kb-row-layout-id180_08dca6-f5{background-color:#f7f5f9;background-image:url('https:\/\/villacite.com\/wp-content\/uploads\/2025\/02\/Image-fond-de-diapo-3.png');background-size:cover;background-position:center center;background-attachment:scroll;background-repeat:no-repeat;}.kb-row-layout-id180_08dca6-f5 > .kt-row-layout-overlay{opacity:0.30;}@media all and (max-width: 1024px){.kb-row-layout-id180_08dca6-f5 > .kt-row-column-wrap{grid-template-columns:minmax(0, 1fr);}}@media all and (max-width: 767px){.kb-row-layout-id180_08dca6-f5 > .kt-row-column-wrap{grid-template-columns:minmax(0, 1fr);}}<\/style><div class=\"kb-row-layout-wrap kb-row-layout-id180_08dca6-f5 alignfull kt-row-has-bg wp-block-kadence-rowlayout\"><div class=\"kt-row-column-wrap kt-has-1-columns kt-row-layout-equal kt-tab-layout-inherit kt-mobile-layout-row kt-row-valign-top\">\n<style>.kadence-column180_b318f0-e7 > .kt-inside-inner-col,.kadence-column180_b318f0-e7 > .kt-inside-inner-col:before{border-top-left-radius:0px;border-top-right-radius:0px;border-bottom-right-radius:0px;border-bottom-left-radius:0px;}.kadence-column180_b318f0-e7 > .kt-inside-inner-col{column-gap:var(--global-kb-gap-sm, 1rem);}.kadence-column180_b318f0-e7 > .kt-inside-inner-col{flex-direction:column;}.kadence-column180_b318f0-e7 > .kt-inside-inner-col > .aligncenter{width:100%;}.kadence-column180_b318f0-e7 > .kt-inside-inner-col:before{opacity:0.3;}.kadence-column180_b318f0-e7{position:relative;}@media all and (max-width: 1024px){.kadence-column180_b318f0-e7 > .kt-inside-inner-col{flex-direction:column;}}@media all and (max-width: 767px){.kadence-column180_b318f0-e7 > .kt-inside-inner-col{flex-direction:column;}}<\/style>\n<div class=\"wp-block-kadence-column kadence-column180_b318f0-e7\"><div class=\"kt-inside-inner-col\"><style>.wp-block-kadence-advancedheading.kt-adv-heading180_b962fb-f7, .wp-block-kadence-advancedheading.kt-adv-heading180_b962fb-f7[data-kb-block=\"kb-adv-heading180_b962fb-f7\"]{max-width:906px;text-align:left;font-size:var(--global-kb-font-size-xl, 3rem);font-weight:700;font-style:normal;font-family:'PT Serif';color:#785ba3;}.wp-block-kadence-advancedheading.kt-adv-heading180_b962fb-f7 mark.kt-highlight, .wp-block-kadence-advancedheading.kt-adv-heading180_b962fb-f7[data-kb-block=\"kb-adv-heading180_b962fb-f7\"] mark.kt-highlight{font-style:normal;color:#f76a0c;-webkit-box-decoration-break:clone;box-decoration-break:clone;padding-top:0px;padding-right:0px;padding-bottom:0px;padding-left:0px;}@media all and (max-width: 767px){.wp-block-kadence-advancedheading.kt-adv-heading180_b962fb-f7, .wp-block-kadence-advancedheading.kt-adv-heading180_b962fb-f7[data-kb-block=\"kb-adv-heading180_b962fb-f7\"]{font-size:32px;}}<\/style>\n<h1 class=\"kt-adv-heading180_b962fb-f7 wp-block-kadence-advancedheading\" data-kb-block=\"kb-adv-heading180_b962fb-f7\"><strong>MENTIONS L\u00c9GALES<\/strong><\/h1>\n\n\n<style>.wp-block-kadence-advancedheading.kt-adv-heading180_7e2b7a-cd, .wp-block-kadence-advancedheading.kt-adv-heading180_7e2b7a-cd[data-kb-block=\"kb-adv-heading180_7e2b7a-cd\"]{margin-top:-30px;font-size:16px;font-weight:400;font-style:normal;font-family:'PT Serif';color:#002060;}.wp-block-kadence-advancedheading.kt-adv-heading180_7e2b7a-cd mark.kt-highlight, .wp-block-kadence-advancedheading.kt-adv-heading180_7e2b7a-cd[data-kb-block=\"kb-adv-heading180_7e2b7a-cd\"] mark.kt-highlight{font-size:16px;font-family:'PT Serif';font-weight:700;font-style:normal;color:#775aa2;-webkit-box-decoration-break:clone;box-decoration-break:clone;padding-top:0px;padding-right:0px;padding-bottom:0px;padding-left:0px;}@media all and (max-width: 767px){.wp-block-kadence-advancedheading.kt-adv-heading180_7e2b7a-cd, .wp-block-kadence-advancedheading.kt-adv-heading180_7e2b7a-cd[data-kb-block=\"kb-adv-heading180_7e2b7a-cd\"]{padding-top:var(--global-kb-spacing-md, 2rem);}}<\/style>\n<p class=\"kt-adv-heading180_7e2b7a-cd wp-block-kadence-advancedheading\" data-kb-block=\"kb-adv-heading180_7e2b7a-cd\">Conform\u00e9ment aux dispositions de la loi n\u00b0 2004-575 du 21 juin 2004 pour la confiance en l\u2019\u00e9conomie num\u00e9rique, il est pr\u00e9cis\u00e9 aux utilisateurs du site VILLACIT\u00c9 l\u2019identit\u00e9 des diff\u00e9rents intervenants dans le cadre de sa r\u00e9alisation et de son suivi.<br><br><br><strong><mark class=\"kt-highlight\">\u00c9DITION DU SITE:<\/mark><\/strong><br>Le pr\u00e9sent site, accessible \u00e0 l\u2019URL <a href=\"https:\/\/villacite.com\/\">https:\/\/villacite.com\/<\/a>&nbsp;est \u00e9dit\u00e9 par: TAURISSON FABRICE.<br><br><br><strong><mark class=\"kt-highlight\">H\u00c9BERGEMENT:<\/mark><\/strong><br>Le Site est h\u00e9berg\u00e9 par la soci\u00e9t\u00e9 OVH, situ\u00e9e dans la ville de Roubaix en France et joignable sur <a href=\"https:\/\/www.ovhcloud.com\/fr\/\">https:\/\/www.ovhcloud.com\/fr\/<\/a><br><br><br><strong><mark class=\"kt-highlight\">DIRECTEUR DE PUBLICATION:<\/mark><\/strong><br>Le Directeur de la publication du Site est Fabrice TAURISSON.<br><br><br><strong><mark class=\"kt-highlight\">NOUS CONTACTER:<\/mark><\/strong><br>Par email :&nbsp;contact@villacite.com<\/p>\n<\/div><\/div>\n\n\n<style>.kadence-column180_72b7b4-ec > .kt-inside-inner-col,.kadence-column180_72b7b4-ec > .kt-inside-inner-col:before{border-top-left-radius:0px;border-top-right-radius:0px;border-bottom-right-radius:0px;border-bottom-left-radius:0px;}.kadence-column180_72b7b4-ec > .kt-inside-inner-col{column-gap:var(--global-kb-gap-sm, 1rem);}.kadence-column180_72b7b4-ec > .kt-inside-inner-col{flex-direction:column;}.kadence-column180_72b7b4-ec > .kt-inside-inner-col > .aligncenter{width:100%;}.kadence-column180_72b7b4-ec > .kt-inside-inner-col:before{opacity:0.3;}.kadence-column180_72b7b4-ec{position:relative;}@media all and (max-width: 1024px){.kadence-column180_72b7b4-ec > .kt-inside-inner-col{flex-direction:column;}}@media all and (max-width: 767px){.kadence-column180_72b7b4-ec > .kt-inside-inner-col{flex-direction:column;}}<\/style>\n<div class=\"wp-block-kadence-column kadence-column180_72b7b4-ec\"><div class=\"kt-inside-inner-col\"><div class=\"wp-block-image\">\n<figure class=\"aligncenter size-large is-resized\"><img loading=\"lazy\" decoding=\"async\" width=\"1024\" height=\"402\" src=\"https:\/\/villacite.com\/wp-content\/uploads\/2025\/02\/LOGO_VILLACITE_FONS_BASELINE-1-1024x402.png\" alt=\"\" class=\"wp-image-268\" style=\"width:703px\" srcset=\"https:\/\/villacite.com\/wp-content\/uploads\/2025\/02\/LOGO_VILLACITE_FONS_BASELINE-1-1024x402.png 1024w, https:\/\/villacite.com\/wp-content\/uploads\/2025\/02\/LOGO_VILLACITE_FONS_BASELINE-1-300x118.png 300w, https:\/\/villacite.com\/wp-content\/uploads\/2025\/02\/LOGO_VILLACITE_FONS_BASELINE-1-768x301.png 768w, https:\/\/villacite.com\/wp-content\/uploads\/2025\/02\/LOGO_VILLACITE_FONS_BASELINE-1-1536x602.png 1536w, https:\/\/villacite.com\/wp-content\/uploads\/2025\/02\/LOGO_VILLACITE_FONS_BASELINE-1-2048x803.png 2048w\" sizes=\"auto, (max-width: 1024px) 100vw, 1024px\" \/><\/figure>\n<\/div><\/div><\/div>\n\n<\/div><\/div>","protected":false},"excerpt":{"rendered":"<p>MENTIONS L\u00c9GALES Conform\u00e9ment aux dispositions de la loi n\u00b0 2004-575 du 21 juin 2004 pour la confiance en l\u2019\u00e9conomie num\u00e9rique, il est pr\u00e9cis\u00e9 aux utilisateurs du site VILLACIT\u00c9 l\u2019identit\u00e9 des diff\u00e9rents intervenants dans le cadre de sa r\u00e9alisation et de son suivi. \u00c9DITION DU SITE:Le pr\u00e9sent site, accessible \u00e0 l\u2019URL https:\/\/villacite.com\/&nbsp;est \u00e9dit\u00e9 par: TAURISSON FABRICE&#8230;.<\/p>\n","protected":false},"author":1,"featured_media":0,"parent":0,"menu_order":0,"comment_status":"closed","ping_status":"closed","template":"","meta":{"_kad_post_transparent":"","_kad_post_title":"hide","_kad_post_layout":"","_kad_post_sidebar_id":"","_kad_post_content_style":"unboxed","_kad_post_vertical_padding":"hide","_kad_post_feature":"","_kad_post_feature_position":"","_kad_post_header":false,"_kad_post_footer":false,"footnotes":""},"class_list":["post-180","page","type-page","status-publish","hentry"],"_links":{"self":[{"href":"https:\/\/villacite.com\/index.php\/wp-json\/wp\/v2\/pages\/180","targetHints":{"allow":["GET"]}}],"collection":[{"href":"https:\/\/villacite.com\/index.php\/wp-json\/wp\/v2\/pages"}],"about":[{"href":"https:\/\/villacite.com\/index.php\/wp-json\/wp\/v2\/types\/page"}],"author":[{"embeddable":true,"href":"https:\/\/villacite.com\/index.php\/wp-json\/wp\/v2\/users\/1"}],"replies":[{"embeddable":true,"href":"https:\/\/villacite.com\/index.php\/wp-json\/wp\/v2\/comments?post=180"}],"version-history":[{"count":18,"href":"https:\/\/villacite.com\/index.php\/wp-json\/wp\/v2\/pages\/180\/revisions"}],"predecessor-version":[{"id":456,"href":"https:\/\/villacite.com\/index.php\/wp-json\/wp\/v2\/pages\/180\/revisions\/456"}],"wp:attachment":[{"href":"https:\/\/villacite.com\/index.php\/wp-json\/wp\/v2\/media?parent=180"}],"curies":[{"name":"wp","href":"https:\/\/api.w.org\/{rel}","templated":true}]}}